-1 - -3)/(-2*(-2)/28). Suppose 9*g = x*g - 10. Suppose 115 = g*h + 3*h. What is the tens digit of h?
2
Suppose 0 = -6*i + 22*i + 7024. Let h = 756 + i. What is the hundreds digit of h?
3
Suppose 3*v - 46953 = -3*s, -1620*v + 1615*v + 15635 = s. What is the ten thousands digit of s?
1
Let b be 32/(-40) - (-1672)/(-10). Let p = 274 + b. Suppose -5*q + 5*o = 4*o - p, 4*q + 3*o - 81 = 0. What is the units digit of q?
1
Suppose -22*y - 5795517 + 582015 = -229*y. What is the ten thousands digit of y?
2
Let y(z) = -2*z**3 + z**3 - 23*z**2 - 329 + 338 - 41*z. What is the tens digit of y(-22)?
2
Suppose 880 = 5*d + 4*f - 0*f, 0 = 3*d - 5*f - 565. Let w = 124 + d. What is the tens digit of w?
0
Let u = 68775 - 46495. What is the tens digit of u?
8
Suppose -3*a - 21 = 0, -78*k + 54991 = -75*k - a. What is the tens digit of k?
2
Suppose 0 = -j - 2 + 5. Let i = j + -6. What is the tens digit of (-1)/(i + (-536)/(-180))?
4
Suppose -37850 = -5*w - 2*l, -7*w + 9*w = l + 15131. What is the units digit of w?
8
Let o(p) = -p**3 - 8*p**2 + 2*p + 36. Let u(m) = -m. Let s(k) = o(k) - 5*u(k). What is the tens digit of s(-9)?
5
Let s(p) = 2*p**3 - 74*p**2 - 302*p + 70. What is the tens digit of s(43)?
7
Let c = -85 - -90. Suppose c*a + 5*l = 3060, 5*a + 4*l = 9*a - 2472. What is the hundreds digit of a?
6
Let h(i) = -2 - 7 - i - 3 + 9. Let u be h(4). Let w(q) = -9*q + 30. What is the tens digit of w(u)?
9
What is the ten thousands digit of (9 + -25 - 3191)*(-7 - 4)?
3
What is the ten thousands digit of 69/115 - (5 - (-429764)/(-10))?
4
Let u be -1*(-21)/7*5. Let r = u - -411. What is the units digit of r?
6
Let v = 14147 - 8032. Suppose -19*h + 7413 = -v. What is the hundreds digit of h?
7
Suppose -l = -10*l + 108. What is the hundreds digit of 4*4/(-24) - (-3440)/l?
2
Let m(q) = -8*q + 8. Let i be m(1). Suppose -y - 8 = -3*y, i = -5*c - y + 1564. What is the tens digit of c?
1
What is the tens digit of (10/(-25)*-10)/(((-140)/(-86877))/10)?
2
Suppose 0 = -b + 4*g + 22, -5*g + 9 - 28 = 3*b. Suppose 27 = 3*i + 2*n, b*i - 3*n - 10 = 8. Suppose i*s - 5*s - 880 = 0. What is the tens digit of s?
2
Let l be 21/(-56) - (-19)/8. Suppose l*i = -5*i + 644. Let b = i + -36. What is the tens digit of b?
5
Let d(i) = 30*i**2 + 163*i - 3327. What is the hundreds digit of d(20)?
9
Suppose 17*q - 251137 = 14*q + s, 3*s = 5*q - 418571. What is the thousands digit of q?
3
Let t = -105 - -133. Let g = 81 - t. What is the tens digit of g?
5
Let s(n) = -5*n**3 - 8*n**2 - 7*n - 7. Let p be s(-5). Suppose x - p = -2*c, 3*c = -x + 815 - 134. What is the tens digit of c?
2
Let y(u) be the second derivative of -1/6*u**3 + 7/3*u**4 + 0 + 11/2*u**2 + 12*u. What is the tens digit of y(3)?
6
Suppose 2*w + 10 = 0, 4*a - 8*w + 4893 = -5*w. What is the hundreds digit of a/(-6) + (-33)/22?
2
Let f be 1 - -1 - (-3009 - 3/(-3)). Suppose -f = -53*v + 46*v. What is the units digit of v?
0
Let j = -65 + 68. What is the units digit of (13 - 916/16)/(j/(-4))?
9
Let q be (-35)/2 - 9/6. Let k be (-2)/(-6)*171/q - -3. Suppose 4*f + 10 = 5*x - 146, k = 3*x + 2*f - 98. What is the units digit of x?
2
Suppose 0 = h + h - 282. Let k = h + -38. What is the tens digit of k?
0
Let a be 4/22 - 5674/(-11). Let r = 876 - a. Let b = r + -213. What is the units digit of b?
7
What is the ten thousands digit of 2*(-4 + 3) + 22423?
2
Suppose c - 2*c + 2 = -3*h, -5*c - 23 = -4*h. Let y = c + 68. What is the tens digit of y?
6
Let r(x) = x**3 + 41*x**2 - 295*x - 56. What is the units digit of r(-42)?
0
Let o be 16/8 - (-8)/(-2). Let d(t) = -57*t**3 + 2*t**2 + 4*t + 2. What is the units digit of d(o)?
8
Suppose 0 = -4*n - 2*n. Suppose 15*i - i - 7924 = n. What is the units digit of i?
6
Let q = 137 + 167. Let u = q - 136. Suppose j + 4*h = 6*j - u, -3*j + 86 = 5*h. What is the units digit of j?
2
Suppose -s - s - 192 = -2*v, 106 = v + s. Suppose -v = -3*q + 28. Suppose -q - 64 = -g. What is the units digit of g?
7
Suppose -22*k + 4019 = -4979. Suppose -13*a + 12*a + 5*q = -k, -2*q = 0. What is the hundreds digit of a?
4
Let j(l) = 3232*l**3 - 8*l**2 + 4*l - 3. What is the thousands digit of j(1)?
3
Let w = -13 + 11. Let v be 8/w - (3 - 149). Suppose -b = k - 46, 2*b = -5*k + 2*k + v. What is the units digit of k?
0
Let w = 7988 - 4508. What is the thousands digit of w?
3
Let f(s) = 2*s**2 - s**2 + 17*s + 31281 - 31281. What is the units digit of f(19)?
4
Let b = 8763 - 2142. Suppose 701 = -8*a + b. What is the tens digit of a?
4
Suppose -5 - 1 = 5*j + 2*p, j + 9 = -3*p. Suppose -13*m - 2*m + 6720 = j. What is the tens digit of m?
4
Suppose 46234 = 2*p - x, 135804 = 4*p - 4*x + 43328. What is the hundreds digit of p?
1
Suppose 0 = -8*j + j + 35. Suppose -32 = -j*t - 12. Suppose -3*i - 2*i + 412 = t*n, 5*n - 5*i = 470. What is the tens digit of n?
9
Let g(n) = 2*n**3 + 7*n**2 + 3*n - 16. Let t be g(3). Let z(l) = -l**3 - 14*l**2 + 6*l - 9. Let i be z(-14). Let m = t + i. What is the tens digit of m?
1
Suppose 0 = 47*n - 43*n - 4*p - 16, -p - 16 = -3*n. Let s be 155/(-10)*12/(-2). Suppose 0 = 3*k - n*k + s. What is the units digit of k?
1
Suppose 5*y - 2*r = 118548, 18*y - r = 20*y - 47412. What is the tens digit of y?
0
Suppose 3*c - 3*k = -90, 4*c + 7*k + 120 = 9*k. What is the hundreds digit of 270/(-4)*396/c?
8
Let r = 861 + -96. Let n = r + -344. What is the hundreds digit of n?
4
Suppose -43 = 5*i + 2*k - 208, 10 = -2*k. Suppose -32*z = -i*z + 2613. What is the hundreds digit of z?
8
Let j(i) = 4*i - 3*i - 13 + 7*i - 2*i**2 + 7*i. What is the units digit of j(6)?
5
Suppose d - 4*c - 1756 = 0, 4*d + 20*c - 27*c - 7015 = 0. What is the tens digit of d?
5
Suppose 0 = r + 15*r - 2144. Let i = -129 + r. What is the units digit of i?
5
Let f(b) = -b**2 - b + 66. Let a be f(-28). Let u = 1256 + a. What is the hundreds digit of u?
5
Suppose 22584 = 12*l + 8*l - 16*l. What is the tens digit of l?
4
Let t be -4 + (4 - -3) - -2. Suppose -5*f + 2521 = d, t*f + 5*d - 2517 = 3*d. What is the units digit of f?
5
Suppose -4*j - 5*i + 29 + 38 = 0, j - 5*i = -2. Suppose 37333 = 24*x + j*x. What is the hundreds digit of x?
0
Let p = -3749 - -4668. What is the hundreds digit of p?
9
Suppose 25*o - 34753 - 109722 = 0. What is the hundreds digit of o?
7
Let s(h) = -4*h - 2. Let v be s(-2). Let w(x) = -77*x**2 + 2*x**3 + v*x - 13 - x**3 - 2*x**3 + 89*x**2. What is the tens digit of w(12)?
5
Suppose 5*u + 145144 = 9*c - 6*c, -c - u = -48360. What is the units digit of c?
8
Suppose 0 = -18*z + 20*z - 8. Suppose 0 = z*l + 277 - 1397. What is the tens digit of l?
8
Suppose -7*d + 0 = 21. Let h be 6 - (4 + d)*16/4. Suppose 374 = 3*z - h*b, -4*b - 62 = -2*z + 198. What is the units digit of z?
2
Suppose -11*r + 3*b = -15*r + 7136, -8920 = -5*r + b. Suppose 0 = -181*w + 185*w - r. What is the units digit of w?
6
What is the ten thousands digit of -6 - (-158125)/11 - -1?
1
Let o = 8194 - 5750. What is the hundreds digit of o?
4
Let z(a) = -2282*a**2 - 3*a - 1. Let d be z(-1). Let m = -1518 - d. What is the hundreds digit of m?
7
Let q = 11778 - 6698. Suppose -141 + q = 11*g. What is the hundreds digit of g?
4
Let j be (-6)/14 - (-1 + (-386342)/(-119)). Let b = -1535 - j. What is the units digit of b?
1
Let m(c) = c**2 - 28*c + 38. Let n be m(31). Let p = n + 45. What is the units digit of p?
6
Suppose 2*f - 2 = -8*s + 10*s, 49 = 6*s + 5*f. Suppose s*h - r - 5131 = 0, 4*r - 73 = 5*h - 6473. What is the tens digit of h?
8
Suppose 14*a - 8*a - 1302 = 0. Let x = a - -116. What is the tens digit of x?
3
Let k be (-22)/(-11)*3/2. Suppose -5*r - 2*j = -7680, -16*r + 21*r + k*j = 7675. What is the hundreds digit of r?
5
Suppose 0 = 14*x - 12059 + 313. Suppose -32*w + x + 1369 = 0. What is the units digit of w?
9
Suppose 0 = 2*z + 2*r - 24, 0 = 4*r - 4 - 0. Suppose -13*d - z*d + 19800 = 0. What is the units digit of d?
5
Let d(m) = 24*m**2 - 2*m - 91. What is the hundreds digit of d(-13)?
9
Let c(o) = -o**2 + 5*o - 3. Let d be c(4). Let x(k) = -k**2 - 51*k - 229. Let n be x(-46). What is the tens digit of n*(0 + d)/(3/420)?
4
Let k(y) = 18*y + 41. Let v(d) = -55*d - 122. Let w(s) = 11*k(s) + 4*v(s). Suppose 0 = 4*u + t + 41, -6*t - 5 = u - 4*t. What is the tens digit of w(u)?
0
Let p be (-2)/(-3) + 2095/(-15). Let f = p - -194. What is the tens digit of f?
5
